{"id":2,"date":"2025-01-08T00:09:30","date_gmt":"2025-01-07T23:09:30","guid":{"rendered":"http:\/\/naissance-memoire.fr\/?page_id=2"},"modified":"2026-02-02T21:29:42","modified_gmt":"2026-02-02T20:29:42","slug":"elodie-jean-psychologue","status":"publish","type":"page","link":"https:\/\/naissance-memoire.fr\/","title":{"rendered":"Elodie JEAN"},"content":{"rendered":"\n<p><\/p>\n\n\n\n<p><\/p>\n\n\n\n<div class=\"wp-block-columns is-layout-flex wp-container-core-columns-is-layout-9d6595d7 wp-block-columns-is-layout-flex\">\n<div class=\"wp-block-column is-layout-flow wp-block-column-is-layout-flow\" style=\"flex-basis:66.66%\">\n<h2 class=\"wp-block-heading\"><strong>Elodie JEAN<\/strong>, <br>Psychologue clinicienne psychoth\u00e9rapeute<\/h2>\n\n\n\n<p>Form\u00e9e \u00e0 l&rsquo;\u00e9coute, au questionnement et \u00e0 l&rsquo;accompagnement, <strong>je vous aide \u00e0 soutenir et approfondir vos r\u00e9flexions<\/strong>.<\/p>\n\n\n\n<p>Je peux \u00e9galement apporter un \u00e9clairage sur certaines <strong>pathologies, comportements<\/strong> ou <strong>sch\u00e9mas<\/strong> qui peuvent se manifester au cours de la vie. <\/p>\n\n\n\n<p>Vous \u00eates pleinement acteur de la relation th\u00e9rapeutique: <strong>les r\u00e9ponses et solutions \u00e9mergent de vous<\/strong>, afin d&rsquo;\u00eatre au plus proche de ce dont vous avez besoin. <br>Je vous accompagne dans ce cheminement en vous proposant un espace s\u00e9curis\u00e9, <strong>sans jugement, o\u00f9 tout peut \u00eatre dit.<\/strong><\/p>\n<\/div>\n\n\n\n<div class=\"wp-block-column is-layout-flow wp-block-column-is-layout-flow\" style=\"flex-basis:33.33%\">\n<div class=\"wp-block-buttons is-layout-flex wp-block-buttons-is-layout-flex\">\n<div class=\"wp-block-button\"><a class=\"wp-block-button__link wp-element-button\" href=\"https:\/\/naissance-memoire.fr\/?page_id=191\">En savoir plus<\/a><\/div>\n<\/div>\n<\/div>\n<\/div>\n\n\n\n<div class=\"wp-block-columns is-layout-flex wp-container-core-columns-is-layout-9d6595d7 wp-block-columns-is-layout-flex\">\n<div class=\"wp-block-column is-layout-flow wp-block-column-is-layout-flow\" style=\"flex-basis:100%\">\n<p>Sur rendez-vous, au Cr\u00e8s, pour vous accompagner avec bienveillance et en toute confidentialit\u00e9.<\/p>\n<\/div>\n<\/div>\n\n\n\n<div class=\"wp-block-columns is-layout-flex wp-container-core-columns-is-layout-9d6595d7 wp-block-columns-is-layout-flex\">\n<div class=\"wp-block-column is-layout-flow wp-block-column-is-layout-flow\" style=\"flex-basis:100%\">\n<div class=\"wp-block-buttons is-layout-flex wp-block-buttons-is-layout-flex\">\n<div class=\"wp-block-button\"><a class=\"wp-block-button__link wp-element-button\" href=\"https:\/\/calendly.com\/elodie-jean-psychologue\/seance-de-suivi\">Prendre rendez-vous<\/a><\/div>\n\n\n\n<div class=\"wp-block-button\"><a class=\"wp-block-button__link wp-element-button\" href=\"https:\/\/naissance-memoire.fr\/?page_id=141\">infos pratiques<\/a><\/div>\n<\/div>\n<\/div>\n<\/div>\n\n\n\n<p><\/p>\n","protected":false},"excerpt":{"rendered":"<p>Elodie JEAN, Psychologue clinicienne psychoth\u00e9rapeute Form\u00e9e \u00e0 l&rsquo;\u00e9coute, au questionnement et \u00e0 l&rsquo;accompagnement, je vous aide \u00e0 soutenir et approfondir vos r\u00e9flexions. Je peux \u00e9galement apporter un \u00e9clairage sur certaines pathologies, comportements ou sch\u00e9mas qui peuvent se manifester au cours de la vie. Vous \u00eates pleinement acteur de la relation th\u00e9rapeutique: les r\u00e9ponses et solutions &#8230; <a title=\"Elodie JEAN\" class=\"read-more\" href=\"https:\/\/naissance-memoire.fr\/\" aria-label=\"En savoir plus sur Elodie JEAN\">Lire la suite<\/a><\/p>\n","protected":false},"author":1,"featured_media":360,"parent":0,"menu_order":0,"comment_status":"closed","ping_status":"open","template":"","meta":{"footnotes":""},"class_list":["post-2","page","type-page","status-publish","has-post-thumbnail"],"yoast_head":"<!-- This site is optimized with the Yoast SEO plugin v26.6 - https:\/\/yoast.com\/wordpress\/plugins\/seo\/ -->\n<title>Elodie JEAN Psychologue clinicienne pour adultes au Cr\u00e8s<\/title>\n<meta name=\"description\" content=\"Elodie JEAN - Psychologue clinicienne. Accompagnement familles et adultes. Les lundis et mardis au 5 place du march\u00e9 Le Cr\u00e8s.\" \/>\n<meta name=\"robots\" content=\"index, follow, max-snippet:-1, max-image-preview:large, max-video-preview:-1\" \/>\n<link rel=\"canonical\" href=\"https:\/\/naissance-memoire.fr\/\" \/>\n<meta property=\"og:locale\" content=\"fr_FR\" \/>\n<meta property=\"og:type\" content=\"article\" \/>\n<meta property=\"og:title\" content=\"Elodie JEAN Psychologue clinicienne pour adultes au Cr\u00e8s\" \/>\n<meta property=\"og:description\" content=\"Elodie JEAN - Psychologue clinicienne. Accompagnement familles et adultes. Les lundis et mardis au 5 place du march\u00e9 Le Cr\u00e8s.\" \/>\n<meta property=\"og:url\" content=\"https:\/\/naissance-memoire.fr\/\" \/>\n<meta property=\"og:site_name\" content=\"Naissance et m\u00e9moire\" \/>\n<meta property=\"article:modified_time\" content=\"2026-02-02T20:29:42+00:00\" \/>\n<meta property=\"og:image\" content=\"https:\/\/naissance-memoire.fr\/wp-content\/uploads\/2026\/01\/Capture-decran-2026-01-06-a-14.15.43-1024x764.png\" \/>\n\t<meta property=\"og:image:width\" content=\"1024\" \/>\n\t<meta property=\"og:image:height\" content=\"764\" \/>\n\t<meta property=\"og:image:type\" content=\"image\/png\" \/>\n<meta name=\"twitter:card\" content=\"summary_large_image\" \/>\n<meta name=\"twitter:label1\" content=\"Dur\u00e9e de lecture estim\u00e9e\" \/>\n\t<meta name=\"twitter:data1\" content=\"1 minute\" \/>\n<script type=\"application\/ld+json\" class=\"yoast-schema-graph\">{\"@context\":\"https:\/\/schema.org\",\"@graph\":[{\"@type\":\"WebPage\",\"@id\":\"https:\/\/naissance-memoire.fr\/\",\"url\":\"https:\/\/naissance-memoire.fr\/\",\"name\":\"Elodie JEAN Psychologue clinicienne pour adultes au Cr\u00e8s\",\"isPartOf\":{\"@id\":\"https:\/\/naissance-memoire.fr\/#website\"},\"primaryImageOfPage\":{\"@id\":\"https:\/\/naissance-memoire.fr\/#primaryimage\"},\"image\":{\"@id\":\"https:\/\/naissance-memoire.fr\/#primaryimage\"},\"thumbnailUrl\":\"https:\/\/naissance-memoire.fr\/wp-content\/uploads\/2026\/01\/Capture-decran-2026-01-06-a-14.15.43.png\",\"datePublished\":\"2025-01-07T23:09:30+00:00\",\"dateModified\":\"2026-02-02T20:29:42+00:00\",\"description\":\"Elodie JEAN - Psychologue clinicienne. Accompagnement familles et adultes. Les lundis et mardis au 5 place du march\u00e9 Le Cr\u00e8s.\",\"breadcrumb\":{\"@id\":\"https:\/\/naissance-memoire.fr\/#breadcrumb\"},\"inLanguage\":\"fr-FR\",\"potentialAction\":[{\"@type\":\"ReadAction\",\"target\":[\"https:\/\/naissance-memoire.fr\/\"]}]},{\"@type\":\"ImageObject\",\"inLanguage\":\"fr-FR\",\"@id\":\"https:\/\/naissance-memoire.fr\/#primaryimage\",\"url\":\"https:\/\/naissance-memoire.fr\/wp-content\/uploads\/2026\/01\/Capture-decran-2026-01-06-a-14.15.43.png\",\"contentUrl\":\"https:\/\/naissance-memoire.fr\/wp-content\/uploads\/2026\/01\/Capture-decran-2026-01-06-a-14.15.43.png\",\"width\":1490,\"height\":1112},{\"@type\":\"BreadcrumbList\",\"@id\":\"https:\/\/naissance-memoire.fr\/#breadcrumb\",\"itemListElement\":[{\"@type\":\"ListItem\",\"position\":1,\"name\":\"Accueil\",\"item\":\"https:\/\/naissance-memoire.fr\/\"},{\"@type\":\"ListItem\",\"position\":2,\"name\":\"Elodie JEAN\"}]},{\"@type\":\"WebSite\",\"@id\":\"https:\/\/naissance-memoire.fr\/#website\",\"url\":\"https:\/\/naissance-memoire.fr\/\",\"name\":\"Naissance et m\u00e9moire\",\"description\":\"Accompagner et soutenir chaque \u00e9tape de la vie\",\"publisher\":{\"@id\":\"https:\/\/naissance-memoire.fr\/#organization\"},\"potentialAction\":[{\"@type\":\"SearchAction\",\"target\":{\"@type\":\"EntryPoint\",\"urlTemplate\":\"https:\/\/naissance-memoire.fr\/?s={search_term_string}\"},\"query-input\":{\"@type\":\"PropertyValueSpecification\",\"valueRequired\":true,\"valueName\":\"search_term_string\"}}],\"inLanguage\":\"fr-FR\"},{\"@type\":\"Organization\",\"@id\":\"https:\/\/naissance-memoire.fr\/#organization\",\"name\":\"Naissance et m\u00e9moire\",\"url\":\"https:\/\/naissance-memoire.fr\/\",\"logo\":{\"@type\":\"ImageObject\",\"inLanguage\":\"fr-FR\",\"@id\":\"https:\/\/naissance-memoire.fr\/#\/schema\/logo\/image\/\",\"url\":\"https:\/\/naissance-memoire.fr\/wp-content\/uploads\/2025\/01\/cropped-cropped-logo-leger-2-1.png\",\"contentUrl\":\"https:\/\/naissance-memoire.fr\/wp-content\/uploads\/2025\/01\/cropped-cropped-logo-leger-2-1.png\",\"width\":1125,\"height\":1106,\"caption\":\"Naissance et m\u00e9moire \"},\"image\":{\"@id\":\"https:\/\/naissance-memoire.fr\/#\/schema\/logo\/image\/\"}}]}<\/script>\n<!-- \/ Yoast SEO plugin. -->","yoast_head_json":{"title":"Elodie JEAN Psychologue clinicienne pour adultes au Cr\u00e8s","description":"Elodie JEAN - Psychologue clinicienne. Accompagnement familles et adultes. Les lundis et mardis au 5 place du march\u00e9 Le Cr\u00e8s.","robots":{"index":"index","follow":"follow","max-snippet":"max-snippet:-1","max-image-preview":"max-image-preview:large","max-video-preview":"max-video-preview:-1"},"canonical":"https:\/\/naissance-memoire.fr\/","og_locale":"fr_FR","og_type":"article","og_title":"Elodie JEAN Psychologue clinicienne pour adultes au Cr\u00e8s","og_description":"Elodie JEAN - Psychologue clinicienne. Accompagnement familles et adultes. Les lundis et mardis au 5 place du march\u00e9 Le Cr\u00e8s.","og_url":"https:\/\/naissance-memoire.fr\/","og_site_name":"Naissance et m\u00e9moire","article_modified_time":"2026-02-02T20:29:42+00:00","og_image":[{"width":1024,"height":764,"url":"https:\/\/naissance-memoire.fr\/wp-content\/uploads\/2026\/01\/Capture-decran-2026-01-06-a-14.15.43-1024x764.png","type":"image\/png"}],"twitter_card":"summary_large_image","twitter_misc":{"Dur\u00e9e de lecture estim\u00e9e":"1 minute"},"schema":{"@context":"https:\/\/schema.org","@graph":[{"@type":"WebPage","@id":"https:\/\/naissance-memoire.fr\/","url":"https:\/\/naissance-memoire.fr\/","name":"Elodie JEAN Psychologue clinicienne pour adultes au Cr\u00e8s","isPartOf":{"@id":"https:\/\/naissance-memoire.fr\/#website"},"primaryImageOfPage":{"@id":"https:\/\/naissance-memoire.fr\/#primaryimage"},"image":{"@id":"https:\/\/naissance-memoire.fr\/#primaryimage"},"thumbnailUrl":"https:\/\/naissance-memoire.fr\/wp-content\/uploads\/2026\/01\/Capture-decran-2026-01-06-a-14.15.43.png","datePublished":"2025-01-07T23:09:30+00:00","dateModified":"2026-02-02T20:29:42+00:00","description":"Elodie JEAN - Psychologue clinicienne. Accompagnement familles et adultes. Les lundis et mardis au 5 place du march\u00e9 Le Cr\u00e8s.","breadcrumb":{"@id":"https:\/\/naissance-memoire.fr\/#breadcrumb"},"inLanguage":"fr-FR","potentialAction":[{"@type":"ReadAction","target":["https:\/\/naissance-memoire.fr\/"]}]},{"@type":"ImageObject","inLanguage":"fr-FR","@id":"https:\/\/naissance-memoire.fr\/#primaryimage","url":"https:\/\/naissance-memoire.fr\/wp-content\/uploads\/2026\/01\/Capture-decran-2026-01-06-a-14.15.43.png","contentUrl":"https:\/\/naissance-memoire.fr\/wp-content\/uploads\/2026\/01\/Capture-decran-2026-01-06-a-14.15.43.png","width":1490,"height":1112},{"@type":"BreadcrumbList","@id":"https:\/\/naissance-memoire.fr\/#breadcrumb","itemListElement":[{"@type":"ListItem","position":1,"name":"Accueil","item":"https:\/\/naissance-memoire.fr\/"},{"@type":"ListItem","position":2,"name":"Elodie JEAN"}]},{"@type":"WebSite","@id":"https:\/\/naissance-memoire.fr\/#website","url":"https:\/\/naissance-memoire.fr\/","name":"Naissance et m\u00e9moire","description":"Accompagner et soutenir chaque \u00e9tape de la vie","publisher":{"@id":"https:\/\/naissance-memoire.fr\/#organization"},"potentialAction":[{"@type":"SearchAction","target":{"@type":"EntryPoint","urlTemplate":"https:\/\/naissance-memoire.fr\/?s={search_term_string}"},"query-input":{"@type":"PropertyValueSpecification","valueRequired":true,"valueName":"search_term_string"}}],"inLanguage":"fr-FR"},{"@type":"Organization","@id":"https:\/\/naissance-memoire.fr\/#organization","name":"Naissance et m\u00e9moire","url":"https:\/\/naissance-memoire.fr\/","logo":{"@type":"ImageObject","inLanguage":"fr-FR","@id":"https:\/\/naissance-memoire.fr\/#\/schema\/logo\/image\/","url":"https:\/\/naissance-memoire.fr\/wp-content\/uploads\/2025\/01\/cropped-cropped-logo-leger-2-1.png","contentUrl":"https:\/\/naissance-memoire.fr\/wp-content\/uploads\/2025\/01\/cropped-cropped-logo-leger-2-1.png","width":1125,"height":1106,"caption":"Naissance et m\u00e9moire "},"image":{"@id":"https:\/\/naissance-memoire.fr\/#\/schema\/logo\/image\/"}}]}},"_links":{"self":[{"href":"https:\/\/naissance-memoire.fr\/index.php?rest_route=\/wp\/v2\/pages\/2","targetHints":{"allow":["GET"]}}],"collection":[{"href":"https:\/\/naissance-memoire.fr\/index.php?rest_route=\/wp\/v2\/pages"}],"about":[{"href":"https:\/\/naissance-memoire.fr\/index.php?rest_route=\/wp\/v2\/types\/page"}],"author":[{"embeddable":true,"href":"https:\/\/naissance-memoire.fr\/index.php?rest_route=\/wp\/v2\/users\/1"}],"replies":[{"embeddable":true,"href":"https:\/\/naissance-memoire.fr\/index.php?rest_route=%2Fwp%2Fv2%2Fcomments&post=2"}],"version-history":[{"count":38,"href":"https:\/\/naissance-memoire.fr\/index.php?rest_route=\/wp\/v2\/pages\/2\/revisions"}],"predecessor-version":[{"id":356,"href":"https:\/\/naissance-memoire.fr\/index.php?rest_route=\/wp\/v2\/pages\/2\/revisions\/356"}],"wp:featuredmedia":[{"embeddable":true,"href":"https:\/\/naissance-memoire.fr\/index.php?rest_route=\/wp\/v2\/media\/360"}],"wp:attachment":[{"href":"https:\/\/naissance-memoire.fr\/index.php?rest_route=%2Fwp%2Fv2%2Fmedia&parent=2"}],"curies":[{"name":"wp","href":"https:\/\/api.w.org\/{rel}","templated":true}]}}